git of (374/(-33))/(5/p)?
4
Suppose -10*a + 4890 = -510. Suppose s - 172 = q, 3*s + 5*q - 2*q = a. What is the hundreds digit of s?
1
Let l(h) = 6*h**2 + h + 1. Let v = 54 - 48. Suppose 0 = 5*x + 3*b - 13, -2*x - 2*b = -v*x + 6. What is the units digit of l(x)?
7
Suppose 16*d + 28 = 23*d. Suppose d*s = 4 + 8. Suppose -105 = -s*w - 2*w. What is the units digit of w?
1
What is the units digit of (320/15)/2*55350/40?
0
Let z(c) = c**2 + 7*c + 15. Let n be (-46)/(-4) - (3 - 9/6). Suppose -1 = k + 3*u + n, 5*u - 33 = 3*k. What is the tens digit of z(k)?
5
Suppose 18*h - 28*h = -30. Suppose 1402 = 5*x - h*v - 306, 3*x + 3*v = 1044. What is the tens digit of x?
4
Suppose -2*z + 5*r = -8 - 1, z - 2*r - 4 = 0. Suppose 1389 + 311 = z*f. What is the units digit of f?
0
What is the thousands digit of (-254110)/(-14) + -1 - (-168)/588?
8
Suppose -114*l + 126*l - 26532 = 0. What is the hundreds digit of l?
2
Let m = -32847 - -48509. What is the hundreds digit of m?
6
What is the hundreds digit of ((22/(-385))/((-20)/600))/(4/117194)?
2
Let y(t) be the second derivative of -4/3*t**3 + 0 - 3*t - 4*t**2. What is the hundreds digit of y(-15)?
1
Let a(n) be the first derivative of n**3/3 + 19*n**2/2 - 25*n - 16. Let r be a(-20). What is the tens digit of (0 + r - 232)/(-1)?
3
Let r(t) = 813*t**2 - 946*t + 9. What is the thousands digit of r(4)?
9
Suppose 5*k + 45 = 155. Suppose 34*t - k*t = 4248. What is the units digit of t?
4
Suppose o - 20 = 4*n, -45 = -5*o + 3*n + 21. Suppose -41*b = -37*b - o. Suppose -l = -0*l - b, -28 = -2*z + 2*l. What is the tens digit of z?
1
Let s = -4769 - -8882. What is the thousands digit of s?
4
Let z = 431 + -407. What is the tens digit of (126/z)/((2/1)/232)?
0
Let n(u) = -129*u + 3. Let w be n(-9). Suppose 3759 = 5*l + w. What is the tens digit of l?
1
Suppose 3*u + x = 29352, 155*u - 152*u - x = 29346. What is the hundreds digit of u?
7
Let c(g) = 17*g + 159. Let a be c(17). Suppose 0 = 5*u + 5*k - 1920, k - 708 - a = -3*u. What is the tens digit of u?
8
Suppose 5*w - 9 = 1. Suppose 5*s + 3*i = -w*i + 680, 4*i + 653 = 5*s. What is the units digit of (-4)/(-7) + 33041/s?
9
Let l = 257 - 106. Suppose -2*d + 135 = -l. What is the units digit of (1 - d)*(-3)/6 + 0?
1
Suppose 625 + 4961 = 147*p. Suppose 0*o = -2*o + 96. Let f = o - p. What is the units digit of f?
0
Let o(n) = -n**2 + 2*n + 731. Suppose -5*r = -3*r. Let w be o(r). Suppose -10*i + 2451 = w. What is the tens digit of i?
7
Let z(g) = -1732*g + 1521. What is the units digit of z(-5)?
1
Suppose 2388645 + 572980 = 145*b. What is the ten thousands digit of b?
2
Suppose -88645 = -259*j + 285*j - 385305. What is the ten thousands digit of j?
1
Let p(q) = q**3 - 25*q**2 + 17*q + 48. Let d be p(24). Let g = d - -121. What is the units digit of 0 + 179 + (-1 - g)?
7
Let x be (8/(-5))/2*-15. Let t = -3080 + 3215. Let n = t - x. What is the hundreds digit of n?
1
Let d(b) = -b**3 - 5*b**2 - 8*b - 2. Let w(o) = 6*o + 67. Let r(c) = -3*c - 33. Let y(i) = -5*r(i) - 3*w(i). Let k be y(-11). What is the units digit of d(k)?
4
Suppose 0 = 19*t - 19841 - 70960. What is the thousands digit of t?
4
Let b be 2/(-9) - (-4300)/72*-26. Let n = 2673 + b. What is the tens digit of n?
2
Suppose -4*x + 134 = -2*b, -x + 38 = 13*b - 9*b. Suppose x*v + 2154 = 40*v. What is the hundreds digit of v?
3
Let a(d) = -25*d**2 - 42*d - 8. Let x be a(-10). Let f = x - -3240. What is the tens digit of f?
5
Suppose 0 = 22*c - 5 + 5. Suppose -6*p + 20*p - 6314 = c. What is the units digit of p?
1
Suppose -71*x + 107536 = 75*x - 58*x. What is the thousands digit of x?
1
Let f(r) = 8*r**2 + 437*r - 60. What is the hundreds digit of f(-59)?
0
Suppose 0 = -3*s + 15, 4*s = -73*g + 68*g + 92060. What is the hundreds digit of g?
4
Suppose -257*i - 12118 - 8148 = -258*i. What is the units digit of i?
6
Let p(q) = 6*q**3 + 3*q**2 - 10*q**3 + 3*q**3 - 9 + 7*q. Let r = -33 + 37. What is the units digit of p(r)?
3
Let g = -59 - -88. Suppose 7 = z + g. What is the hundreds digit of (-42976)/(-187) + (-4)/z?
2
Suppose -27*t - 980 = 14167. Let c = t - -1050. What is the tens digit of c?
8
Let z = 91576 - 61964. What is the tens digit of (z/110)/(8/10)*2?
7
Let i = -3199 + 6515. What is the units digit of i?
6
Let c(j) = 8*j**2 - 19*j + 6. Let w be c(8). Suppose 456 = h - w. What is the hundreds digit of h?
8
Suppose 11*v + 185*v = -56*v + 1141308. What is the tens digit of v?
2
Let v(h) = -h**2 + 23*h - 84. Let g be v(15). Suppose 26*p + 6090 = g*p. What is the tens digit of p?
0
What is the thousands digit of (((-34)/10)/((-128)/(-160)))/((-1)/3548)?
5
Suppose 6*y + 5*g = 3*y + 1, -4*y = 5*g - 3. Suppose y*u = 5*b - 2080, b + 0*b + 4*u - 394 = 0. What is the hundreds digit of b?
4
Let b(j) = 23*j**2 + 2*j - 39. Suppose 2*a = -3*i + 10, -4*a - a - 2 = 3*i. What is the hundreds digit of b(i)?
8
Suppose -16*d + 18*d = 0. Suppose -q + 5*i - 44 = 0, q - 2*i + 29 = -d*i. Let m = 21 - q. What is the units digit of m?
0
Let l be (-8)/6*(-2 + 5/10). Let m be ((-36)/(-16) - 1)/(3/12). Suppose m*g = y + 19, -4*g - 3*y + l*y = -17. What is the units digit of g?
4
Suppose 25*v - 56566 = 95559. What is the hundreds digit of v?
0
Let n(g) be the first derivative of 35*g**3/3 - 11*g**2/2 - 25*g + 138. What is the thousands digit of n(6)?
1
Let v = -54 + 93. Let p(j) = -j**2 + 46*j - 173. What is the tens digit of p(v)?
0
Let t(z) = z**3 - 5*z**2 - z - 8. Let q be t(6). Suppose 3654 = 31*o - q*o. What is the tens digit of o?
0
What is the ten thousands digit of (-3640)/(-7)*(-1)/(-6)*(3 + 342)?
2
Let g(u) = 134*u - 22. Let y be g(11). Let b = y - 1028. Suppose 0 = -3*l - l + b. What is the units digit of l?
6
Let i(b) = -7*b**3 + 3*b**2 + 3*b + 1. Let f(g) = -2*g**3 - 21*g**2 + 11*g - 3. Let o be f(-11). What is the hundreds digit of i(o)?
2
Let f be 3916/20 + 7/35. Let k = 112 + f. What is the units digit of k?
8
Let p = -48535 - -71060. What is the units digit of p?
5
Let v(y) = y**3 + 59*y**2 + 28*y + 220. What is the hundreds digit of v(-57)?
1
Let x = -194 - -200. Suppose 0 = x*p - 344 + 86. What is the units digit of p?
3
Suppose -4*s - 10431 = 4*s - 9*s. What is the ten thousands digit of s?
1
Let r be (2 + (3 - 4))*13. Let b(c) = 62 + 0*c - c - r. What is the units digit of b(-21)?
0
Let t(y) = 136*y - 241. What is the units digit of t(19)?
3
Let k = 37040 - 11801. What is the ten thousands digit of k?
2
Let b(x) = -9*x**2 - 8*x - 21. Let c be ((-14)/(-21))/((-8)/60). Let u be b(c). Let j = u - -381. What is the hundreds digit of j?
1
Suppose -1572 = -0*h + 2*h. Suppose -375 = 12*b - 17*b. What is the tens digit of 30/b + (-1)/(10/h)?
7
Let x(w) = 8*w**2 - 102*w - 621. What is the tens digit of x(67)?
5
Let x = -4716 + 10927. What is the thousands digit of x?
6
Suppose 6*s = 72*s + 70*s - 595272. What is the units digit of s?
7
Suppose -4*u = -7*u - 5*u. Let b(x) = -x**2 + x + 4. Let r be b(u). Suppose 431 = r*g + 3*a, -a + 5*a = -5*g + 539. What is the hundreds digit of g?
1
Suppose 0 = -64*i + 65*i + 308. Let u = i - -75. What is the hundreds digit of u/((-3)/(-1) - (3 + 1))?
2
Suppose 18 = -l - 4*h - 8, 0 = -4*l + 2*h - 68. Let a(v) = -v**3 - 17*v**2 + 8*v - 27. What is the hundreds digit of a(l)?
1
Suppose -9*p = 1670 - 653. Let k = 494 + p. What is the tens digit of k?
8
Let s(i) = 10 - 11*i**3 + 6*i**3 - 5*i**2 - 17*i - 3*i**2 + 13*i. What is the tens digit of s(-6)?
2
Let r be 208 - 1/(-2)*0. Let l = 5039 - 5037. Suppose -r = -l*k - 46. What is the units digit of k?
1
Suppose 155820 = 53*p - 135044. What is the hundreds digit of p?
4
Let g(k) = -k**3 + 10*k**2 + 3*k + 11. Let u(v) = -v**2 + 1. Let n(q) = g(q) + 2*u(q). What is the tens digit of n(7)?
8
Let d(y) = -y**3 - 14*y**2 - 25*y - 7. Let m be d(-12). Suppose 8*c = 4*c - 4*f + 536, m*c - 667 = -4*f. What is the units digit of c?
1
Suppose -21*c = -4*c + 11191 - 98792. What is the units digit of c?
3
Let x(n) = n**2 - n - 15. Let a be x(8). Suppose 0*w = w + a. What is the units digit of (-3 - w)/((-12)/(-18))?
7
What is the tens digit of 14/(126/5049) + 0?
6
Suppose -18*b + 917 + 12330 = -32977. What is the units digit of b?
8
Suppose 306 - 147 = h. Suppose 142*x = h*x - 4199. What is the tens digit of x?
4
Suppose -42 = 3*p - 27, q - 2*p - 44175 = 0. What is the h